{"id":23,"date":"2026-02-04T18:16:55","date_gmt":"2026-02-04T18:16:55","guid":{"rendered":"https:\/\/techupdate.sci.edu.vn\/2026\/?page_id=23"},"modified":"2026-03-30T02:34:01","modified_gmt":"2026-03-30T02:34:01","slug":"tai-tro","status":"publish","type":"page","link":"https:\/\/techupdate.sci.edu.vn\/2026\/tai-tro\/","title":{"rendered":"T\u00e0i tr\u1ee3"},"content":{"rendered":"\n<div class=\"wp-block-cover alignfull has-custom-content-position is-position-center-right\" style=\"min-height:100vh;aspect-ratio:unset;\"><img loading=\"lazy\" decoding=\"async\" width=\"1024\" height=\"491\" class=\"wp-block-cover__image-background wp-image-1192 size-large\" alt=\"\" src=\"https:\/\/techupdate.sci.edu.vn\/2026\/wp-content\/uploads\/2026\/03\/decorative-img-1-1024x491.png\" style=\"object-position:25% 45%\" data-object-fit=\"cover\" data-object-position=\"25% 45%\" srcset=\"https:\/\/techupdate.sci.edu.vn\/2026\/wp-content\/uploads\/2026\/03\/decorative-img-1-1024x491.png 1024w, https:\/\/techupdate.sci.edu.vn\/2026\/wp-content\/uploads\/2026\/03\/decorative-img-1-300x144.png 300w, https:\/\/techupdate.sci.edu.vn\/2026\/wp-content\/uploads\/2026\/03\/decorative-img-1-768x369.png 768w, https:\/\/techupdate.sci.edu.vn\/2026\/wp-content\/uploads\/2026\/03\/decorative-img-1.png 1438w\" sizes=\"auto, (max-width: 1024px) 100vw, 1024px\" \/><span aria-hidden=\"true\" class=\"wp-block-cover__background has-background-dim-0 has-background-dim\"><\/span><div class=\"wp-block-cover__inner-container has-global-padding is-layout-constrained wp-block-cover-is-layout-constrained\">\n<div class=\"wp-block-group has-background has-global-padding is-layout-constrained wp-container-core-group-is-layout-7d4c1890 wp-block-group-is-layout-constrained\" style=\"border-top-left-radius:0.5rem;border-top-right-radius:0.5rem;border-bottom-left-radius:0.5rem;border-bottom-right-radius:0.5rem;background-color:#0043edba;padding-top:var(--wp--preset--spacing--50);padding-right:var(--wp--preset--spacing--70);padding-bottom:var(--wp--preset--spacing--50);padding-left:var(--wp--preset--spacing--70)\">\n<p class=\"has-text-align-center has-custom-background-orange-color has-text-color has-link-color has-xx-large-font-size wp-elements-7bcdbc4df10050c2f171c29b835419dd\" style=\"font-style:normal;font-weight:700;text-transform:uppercase\">Th\u01b0 m\u1eddi t\u00e0i tr\u1ee3<\/p>\n\n\n\n<p class=\"has-medium-font-size\">K\u00ednh g\u1eedi: Qu\u00fd L\u00e3nh \u0111\u1ea1o Doanh nghi\u1ec7p v\u00e0 \u0110\u1ed1i t\u00e1c Chi\u1ebfn l\u01b0\u1ee3c,<\/p>\n\n\n\n<p class=\"has-medium-font-size\">T\u1eeb th\u00e0nh c\u00f4ng c\u1ee7a SCI TechUpdate 2025 \u2013 n\u01a1i quy t\u1ee5 481 chuy\u00ean gia h\u00e0ng \u0111\u1ea7u v\u00e0 t\u1ea1o \u0111\u1ed9t ph\u00e1 trong k\u1ebft n\u1ed1i ng\u00e0nh \u2013 ch\u00fang t\u00f4i t\u1ef1 h\u00e0o t\u1ed5 ch\u1ee9c phi\u00ean b\u1ea3n ti\u1ebfp theo h\u01b0\u1edbng t\u1edbi m\u1ee5c ti\u00eau tr\u1edf th\u00e0nh di\u1ec5n \u0111\u00e0n c\u00f4ng ngh\u1ec7 t\u1ebf b\u00e0o h\u00e0ng \u0111\u1ea7u \u0110\u00f4ng Nam \u00c1.<\/p>\n\n\n\n<p class=\"has-medium-font-size\">V\u1edbi cam k\u1ebft v\u1ec1 minh b\u1ea1ch t\u00e0i ch\u00ednh, c\u00e1 nh\u00e2n ho\u00e1 g\u00f3i t\u00e0i tr\u1ee3 c\u00f9ng quy\u1ec1n l\u1ee3i truy\u1ec1n th\u00f4ng \u2013 k\u1ebft n\u1ed1i chuy\u00ean s\u00e2u, ch\u00fang t\u00f4i tr\u00e2n tr\u1ecdng m\u1eddi Qu\u00fd \u0110\u1ed1i t\u00e1c \u0111\u1ed3ng h\u00e0nh \u0111\u1ec3 c\u00f9ng ki\u1ebfn t\u1ea1o nh\u1eefng gi\u00e1 tr\u1ecb b\u1ec1n v\u1eefng cho ng\u00e0nh c\u00f4ng ngh\u1ec7 t\u1ebf b\u00e0o g\u1ed1c t\u1ea1i Vi\u1ec7t Nam.<\/p>\n\n\n\n<p class=\"has-text-align-center has-x-large-font-size\" style=\"font-style:normal;font-weight:700\">Vinpearl Landmark 81<\/p>\n\n\n\n<p class=\"has-text-align-center has-custom-background-orange-color has-text-color has-link-color has-x-large-font-size wp-elements-ca625fcf4f0ed37185d2950e04ce13db\" style=\"font-style:normal;font-weight:700\">26 | 06 | 2026<\/p>\n<\/div>\n\n\n\n<div class=\"wp-block-buttons is-content-justification-center is-layout-flex wp-container-core-buttons-is-layout-a89b3969 wp-block-buttons-is-layout-flex\">\n<div class=\"wp-block-button\"><a class=\"wp-block-button__link has-custom-background-orange-background-color has-background has-large-font-size has-text-align-center has-custom-font-size wp-element-button\" href=\"https:\/\/forms.gle\/ok1smagUWpRhwzwr8\" style=\"border-top-left-radius:1rem;border-top-right-radius:1rem;border-bottom-left-radius:1rem;border-bottom-right-radius:1rem;font-style:normal;font-weight:700;text-transform:uppercase\" target=\"_blank\" rel=\"noreferrer noopener\">\u0110\u0103ng k\u00fd<br>nh\u1eadn h\u1ed3 s\u01a1 t\u00e0i tr\u1ee3<\/a><\/div>\n<\/div>\n<\/div><\/div>\n\n\n\n<p class=\"has-xx-large-font-size\" style=\"font-style:normal;font-weight:700;text-transform:uppercase\"><mark style=\"background-color:rgba(0, 0, 0, 0)\" class=\"has-inline-color has-custom-text-blue-color\">C\u01a1 h\u1ed9i t\u00e0i tr\u1ee3<\/mark> <mark style=\"background-color:rgba(0, 0, 0, 0)\" class=\"has-inline-color has-custom-text-gray-color\">&amp; \u0111\u1ed1i t\u00e1c<\/mark><\/p>\n\n\n\n<div class=\"wp-block-columns alignwide is-layout-flex wp-container-core-columns-is-layout-28f84493 wp-block-columns-is-layout-flex\">\n<div class=\"wp-block-column is-layout-flow wp-block-column-is-layout-flow\" style=\"flex-basis:50%\">\n<div class=\"wp-block-group has-global-padding is-layout-constrained wp-block-group-is-layout-constrained\">\n<p class=\"has-custom-text-blue-color has-text-color has-link-color has-large-font-size wp-elements-5599b216ef02da107e8c0f6bee116389\" style=\"font-style:normal;font-weight:700\">G\u00f3i t\u00e0i tr\u1ee3 kim c\u01b0\u01a1ng (300tr)<\/p>\n\n\n\n<p class=\"has-custom-text-gray-color has-text-color has-link-color has-medium-font-size wp-elements-f2da2050c0390214b00aeb79814affd5\">G\u00f3i t\u00e0i tr\u1ee3 cao c\u1ea5p nh\u1ea5t v\u1edbi quy\u1ec1n l\u1ee3i t\u1ed1i \u0111a.<\/p>\n\n\n\n<p class=\"has-custom-text-blue-color has-text-color has-link-color has-large-font-size wp-elements-2cbf6af22e435a1771eafef1db435b92\" style=\"font-style:normal;font-weight:700\">G\u00f3i t\u00e0i tr\u1ee3 v\u00e0ng (100Tr)<\/p>\n\n\n\n<p class=\"has-custom-text-gray-color has-text-color has-link-color has-medium-font-size wp-elements-c2afed7923c24792034f1bf33b70e043\">Nh\u1eadn di\u1ec7n th\u01b0\u01a1ng hi\u1ec7u n\u1ed5i b\u1eadt, gi\u1edbi thi\u1ec7u c\u00f4ng ngh\u1ec7, nhi\u1ec1u quy\u1ec1n l\u1ee3i \u01b0u ti\u00ean v\u00e0 c\u01a1 h\u1ed9i k\u1ebft n\u1ed1i.<\/p>\n\n\n\n<p class=\"has-custom-text-blue-color has-text-color has-link-color has-large-font-size wp-elements-73b1dd7b852028a0077d9d94fb77980b\" style=\"font-style:normal;font-weight:700\">G\u00f3i t\u00e0i tr\u1ee3 B\u1ea1c (50Tr)<\/p>\n\n\n\n<p class=\"has-custom-text-gray-color has-text-color has-link-color has-medium-font-size wp-elements-947cf9e36b853ad4b495c60b03d7745b\">Tham gia v\u1edbi quy\u1ec1n l\u1ee3i \u01b0u ti\u00ean v\u00e0 nhi\u1ec1u c\u01a1 h\u1ed9i k\u1ebft n\u1ed1i.<\/p>\n\n\n\n<p class=\"has-custom-text-blue-color has-text-color has-link-color has-large-font-size wp-elements-6d6aeaacb703b5ef67cb73b38f307b5f\" style=\"font-style:normal;font-weight:700\">G\u00f3i t\u00e0i tr\u1ee3 \u0110\u1ed3ng (30Tr)<\/p>\n\n\n\n<p class=\"has-custom-text-gray-color has-text-color has-link-color has-medium-font-size wp-elements-bbdb0766733aaea5b4156f3ddc96c30a\">C\u01a1 h\u1ed9i tr\u01b0ng b\u00e0y v\u00e0 gi\u1edbi thi\u1ec7u c\u00f4ng ngh\u1ec7.<\/p>\n\n\n\n<p class=\"has-custom-text-blue-color has-text-color has-link-color has-large-font-size wp-elements-979d8bada6894905736f699012ff8f45\" style=\"font-style:normal;font-weight:700\">G\u00f3i \u0111\u1ed3ng t\u00e0i tr\u1ee3 (20Tr)<\/p>\n\n\n\n<p class=\"has-custom-text-gray-color has-text-color has-link-color has-medium-font-size wp-elements-b73ccf4c72f01f745d4191a8710d4e06\">C\u01a1 h\u1ed9i t\u0103ng s\u1ef1 nh\u1eadn di\u1ec7n th\u01b0\u01a1ng hi\u1ec7u v\u00e0 \u0111\u1ed3ng h\u00e0nh truy\u1ec1n th\u00f4ng.<\/p>\n<\/div>\n<\/div>\n\n\n\n<div class=\"wp-block-column is-layout-flow wp-block-column-is-layout-flow\" style=\"flex-basis:50%\">\n<div class=\"wp-block-group has-global-padding is-layout-constrained wp-block-group-is-layout-constrained\">\n<p class=\"has-custom-text-blue-color has-text-color has-link-color has-large-font-size wp-elements-6cceed82871bfb6623978af0f03dacd9\" style=\"font-style:normal;font-weight:700;text-transform:uppercase\">Gi\u00e1 Tr\u1ecb D\u00e0nh Cho \u0110\u1ed1i T\u00e1c T\u00e0i Tr\u1ee3<\/p>\n\n\n\n<div class=\"wp-block-group has-background has-global-padding is-layout-constrained wp-container-core-group-is-layout-80fb368b wp-block-group-is-layout-constrained\" style=\"background-color:#cdeaf9;padding-top:var(--wp--preset--spacing--30);padding-right:var(--wp--preset--spacing--30);padding-bottom:var(--wp--preset--spacing--30);padding-left:var(--wp--preset--spacing--30)\">\n<p class=\"has-medium-font-size\">Gia t\u0103ng nh\u1eadn di\u1ec7n th\u01b0\u01a1ng hi\u1ec7u trong c\u1ed9ng \u0111\u1ed3ng ATMP<\/p>\n\n\n\n<p class=\"has-medium-font-size\">Ti\u1ebfp c\u1eadn tr\u1ef1c ti\u1ebfp chuy\u00ean gia v\u00e0 \u0111\u1ed1i t\u00e1c ti\u1ec1m n\u0103ng<\/p>\n\n\n\n<p class=\"has-medium-font-size\">Gi\u1edbi thi\u1ec7u c\u00f4ng ngh\u1ec7, s\u1ea3n ph\u1ea9m t\u1edbi \u0111\u00fang \u0111\u1ed1i t\u01b0\u1ee3ng<\/p>\n\n\n\n<p class=\"has-medium-font-size\">\u0110\u1ed3ng h\u00e0nh ho\u1ea1t \u0111\u1ed9ng \u0111\u1ed5i m\u1edbi s\u00e1ng t\u1ea1o b\u1ec1n v\u1eefng<\/p>\n<\/div>\n<\/div>\n<\/div>\n<\/div>\n\n\n\n<div class=\"wp-block-group alignwide is-layout-flow wp-block-group-is-layout-flow\">\n<p class=\"has-custom-text-blue-color has-text-color has-link-color has-small-font-size wp-elements-8bee9aca3a1fb279ba512dc52dd13488\" style=\"font-style:italic;font-weight:400\">Quy\u1ec1n l\u1ee3i chi ti\u1ebft c\u00f3 th\u1ec3 \u0111\u01b0\u1ee3c \u0111i\u1ec1u ch\u1ec9nh linh ho\u1ea1t tr\u00ean c\u01a1 s\u1edf trao \u0111\u1ed5i v\u00e0 th\u1ed1ng nh\u1ea5t gi\u1eefa Ban T\u1ed5 ch\u1ee9c v\u00e0 Nh\u00e0 t\u00e0i tr\u1ee3, ph\u00f9 h\u1ee3p v\u1edbi m\u1ee5c ti\u00eau h\u1ee3p t\u00e1c c\u1ee7a t\u1eebng \u0111\u01a1n v\u1ecb.<\/p>\n<\/div>\n","protected":false},"excerpt":{"rendered":"<p>C\u01a1 h\u1ed9i t\u00e0i tr\u1ee3 &amp; \u0111\u1ed1i t\u00e1c G\u00f3i t\u00e0i tr\u1ee3 kim c\u01b0\u01a1ng (300tr) G\u00f3i t\u00e0i tr\u1ee3 cao c\u1ea5p nh\u1ea5t v\u1edbi quy\u1ec1n l\u1ee3i t\u1ed1i \u0111a. G\u00f3i t\u00e0i tr\u1ee3 v\u00e0ng (100Tr) Nh\u1eadn di\u1ec7n th\u01b0\u01a1ng hi\u1ec7u n\u1ed5i b\u1eadt, gi\u1edbi thi\u1ec7u c\u00f4ng ngh\u1ec7, nhi\u1ec1u quy\u1ec1n l\u1ee3i \u01b0u ti\u00ean v\u00e0 c\u01a1 h\u1ed9i k\u1ebft n\u1ed1i. G\u00f3i t\u00e0i tr\u1ee3 B\u1ea1c (50Tr) Tham [&hellip;]<\/p>\n","protected":false},"author":1,"featured_media":0,"parent":0,"menu_order":0,"comment_status":"closed","ping_status":"closed","template":"","meta":{"footnotes":""},"class_list":["post-23","page","type-page","status-publish","hentry"],"_links":{"self":[{"href":"https:\/\/techupdate.sci.edu.vn\/2026\/wp-json\/wp\/v2\/pages\/23","targetHints":{"allow":["GET"]}}],"collection":[{"href":"https:\/\/techupdate.sci.edu.vn\/2026\/wp-json\/wp\/v2\/pages"}],"about":[{"href":"https:\/\/techupdate.sci.edu.vn\/2026\/wp-json\/wp\/v2\/types\/page"}],"author":[{"embeddable":true,"href":"https:\/\/techupdate.sci.edu.vn\/2026\/wp-json\/wp\/v2\/users\/1"}],"replies":[{"embeddable":true,"href":"https:\/\/techupdate.sci.edu.vn\/2026\/wp-json\/wp\/v2\/comments?post=23"}],"version-history":[{"count":8,"href":"https:\/\/techupdate.sci.edu.vn\/2026\/wp-json\/wp\/v2\/pages\/23\/revisions"}],"predecessor-version":[{"id":1203,"href":"https:\/\/techupdate.sci.edu.vn\/2026\/wp-json\/wp\/v2\/pages\/23\/revisions\/1203"}],"wp:attachment":[{"href":"https:\/\/techupdate.sci.edu.vn\/2026\/wp-json\/wp\/v2\/media?parent=23"}],"curies":[{"name":"wp","href":"https:\/\/api.w.org\/{rel}","templated":true}]}}